of 21981016?
2
What is the hundreds digit of 900503655?
6
What is the ten thousands digit of 35031500?
3
What is the tens digit of 69375090?
9
What is the units digit of 462171734?
4
What is the ten thousands digit of 1044117191?
1
What is the millions digit of 14859678?
4
What is the hundred millions digit of 2974838743?
9
What is the thousands digit of 877193361?
3
What is the hundred thousands digit of 98860679?
8
What is the hundreds digit of 268583423?
4
What is the millions digit of 13024508?
3
What is the tens digit of 4319058232?
3
What is the hundred thousands digit of 229137900?
1
What is the units digit of 971748276?
6
What is the ten thousands digit of 36789489?
8
What is the millions digit of 35818314?
5
What is the units digit of 872620157?
7
What is the ten millions digit of 1882330300?
8
What is the millions digit of 274025044?
4
What is the ten millions digit of 10151408?
1
What is the tens digit of 321972515?
1
What is the ten thousands digit of 218314824?
1
What is the hundred millions digit of 4333595945?
3
What is the ten millions digit of 65237447?
6
What is the hundreds digit of 37344502?
5
What is the hundreds digit of 505378266?
2
What is the thousands digit of 38030546?
0
What is the tens digit of 39750001?
0
What is the ten millions digit of 14859300?
1
What is the thousands digit of 528962927?
2
What is the hundreds digit of 115356313?
3
What is the ten thousands digit of 2268401788?
0
What is the hundred thousands digit of 984414484?
4
What is the hundred thousands digit of 429764435?
7
What is the tens digit of 2202024955?
5
What is the hundred thousands digit of 852606577?
6
What is the hundred thousands digit of 41612144?
6
What is the hundred thousands digit of 625165470?
1
What is the ten millions digit of 17124717?
1
What is the hundred thousands digit of 321753476?
7
What is the hundreds digit of 318717682?
6
What is the hundred thousands digit of 267412116?
4
What is the hundred millions digit of 258431700?
2
What is the hundred millions digit of 2091474057?
0
What is the ten millions digit of 375543307?
7
What is the millions digit of 14859486?
4
What is the units digit of 153622050?
0
What is the millions digit of 497963354?
7
What is the tens digit of 937268026?
2
What is the ten thousands digit of 760055667?
5
What is the ten thousands digit of 1277196211?
9
What is the hundreds digit of 47085315?
3
What is the hundred millions digit of 1098077242?
0
What is the hundred thousands digit of 60941261?
9
What is the hundreds digit of 36491018?
0
What is the ten millions digit of 76522119?
7
What is the hundred thousands digit of 6792219?
7
What is the tens digit of 443513673?
7
What is the hundred thousands digit of 19278537?
2
What is the ten thousands digit of 1510894278?
9
What is the units digit of 19584163?
3
What is the units digit of 50536681?
1
What is the units digit of 953395413?
3
What is the ten thousands digit of 235036277?
3
What is the millions digit of 10610057?
0
What is the millions digit of 1009550202?
9
What is the ten thousands digit of 329753607?
5
What is the ten millions digit of 49589765?
4
What is the hundreds digit of 79967208?
2
What is the hundred millions digit of 609555025?
6
What is the hundreds digit of 46178701?
7
What is the tens digit of 2277572929?
2
What is the thousands digit of 47458014?
8
What is the thousands digit of 526871790?
1
What is the tens digit of 16485350?
5
What is the ten millions digit of 13886759?
1
What is the ten thousands digit of 195342384?
4
What is the ten thousands digit of 1024634361?
3
What is the units digit of 1495350827?
7
What is the hundred millions digit of 109005171?
1
What is the ten thousands digit of 890001296?
0
What is the units digit of 83086419?
9
What is the tens digit of 223009925?
2
What is the ten thousands digit of 423426657?
2
What is the millions digit of 1648453181?
8
What is the tens digit of 185017653?
5
What is the units digit of 811691?
1
What is the tens digit of 249101450?
5
What is the hundreds digit of 3099868704?
7
What is the hundreds digit of 3851282975?
9
What is the hundreds digit of 167664961?
9
What is the ten thousands digit of 203071529?
7
What is the thousands digit of 764817828?
7
What is the hundred millions digit of 341312827?
3
What is the ten thousands digit of 1760521192?
2
What is the ten thousands digit of 60400373?
0
What is the tens digit of 1177491703?
0
What is the hundred thousands digit of 46390476?
3
What is the ten millions digit of 41132398?
4
What is the ten thousands digit of 1509795639?
9
What is the ten thousands digit of 175616571?
1
What is the hundred thousands digit of 168587380?
5
What is the ten thousands digit of 7321708898?
0
What is the hundreds digit of 286202629?
6
What is the ten thousands digit of 476476301?
7
What is the hundreds digit of 4841631334?
3
What is the millions digit of 1442668293?
2
What is the units digit of 630987203?
3
What is the units digit of 66034600?
0
What is the hundred thousands digit of 797891639?
8
What is the ten millions digit of 173813246?
7
What is the thousands digit of 53577446?
7
What is the units digit of 3888405098?
8
What is the millions digit of 270025521?
0
What is the hundred thousands digit of 5898019230?
0
What is the tens digit of 2673487447?
4
What is the ten thousands digit of 571244017?
4
What is the units digit of 1277107570?
0
What is the tens digit of 324857475?
7
What is the hundred millions digit of 188301266?
1
What is the tens digit of 1581717452?
5
What is the ten thousands digit of 1420975615?
7
What is the hundreds digit of 555032353?
3
What is the hundred millions digit of 1862333073?
8
What is the millions digit of 1267798408?
7
What is the thousands digit of 221903215?
3
What is the tens digit of 573191855?
5
What is the hundred thousands digit of 168518073?
5
What is the tens digit of 37532509?
0
What is the thousands digit of 91364729?
4
What is the tens digit of 517757131?
3
What is the tens digit of 150108151?
5
What is the hundred millions digit of 155060725?
1
What is the hundred thousands digit of 5087376562?
3
What is the ten thousands digit of 94116401?
1
What is the millions digit of 2905006658?
5
What is the thousands digit of 142868177?
8
What is the hundred millions digit of 5324834362?
3
What is the hundred millions digit of 877925054?
8
What is the units digit of 14522582?
2
What is the thousands digit of 301782499?
2
What is the ten millions digit of 2431034805?
3
What is the tens digit of 180649819?
1
What is the ten thousands digit of 92107571?
0
What is the thousands digit of 16561509?
1
What is the hundred thousands digit of 8379775?
3
What is the hundred millions digit of 139231997?
1
What is the thousands digit of 31265785?
5
What is the ten thousands digit of 793563406?
6
What is the millions digit of 7997383?
7
What is the thousands digit of 119189629?
9
What is the units digit of 1436379176?
6
What is the tens digit of 68031263?
6
What is the billions digit of 3677710488?
3
What is the millions digit of 4029366522?
9
What is the ten millions digit of 36660992?
3
What is the tens digit of 48695696?
9
What is the hundreds digit of 516279498?
4
What is the units digit of 405168113?
3
What is the millions digit of 133121066?
3
What is the units digit of 67957954?
4
What is the thousands digit of 3641730825?
0
What is the millions digit of 463134082?
3
What is the tens digit of 28756803?
0
What is the billions digit of 1895319483?
1
What is the units digit of 2287139943?
3
What is the millions digit of 2863490965?
3
What is the tens digit of 5231039051?
5
What is the millions digit of 361625004?
1
What is the hundreds digit of 87540950?
9
What is the units digit of 20959991?
1
What is the thousands digit of 26501752?
1
What is the ten millions digit of 22897177?
2
What is the millions digit of 3431538?
3
What is the tens digit of 147046662?
6
What is the units digit of 302416655?
5
What is the hundred millions digit of 1951566298?
9
What is the hundreds digit of 40947814?
8
What is the millions digit of 1722046926?
2
What is the ten millions digit of 84343269?
8
What is the tens digit of 234745689?
8
What is the units digit of 58598421?
1
What is the hundred thousands digit of 498015551?
